Let u = 49583 + -35319. Suppose 3*g - 11*g = -u. Is g prime?
True
Let z(b) = 239087*b - 2431. Is z(4) a composite number?
False
Let f(u) = 38*u + 43*u + 2*u + 13 - 31. Is f(5) a prime number?
True
Let o be 1/(-8) - (-36)/32 - 4. Is 416/(5 + -4) - o/(-3) composite?
True
Let c(n) = 13722*n**2 + 211*n - 41. Is c(-8) prime?
True
Is ((-373003704)/(-4860))/(2/15) a composite number?
False
Is (132/(-30) + 4)/(((-24)/1807010)/6) composite?
False
Suppose -4701*f + 4633*f = -1905564. Is f prime?
False
Suppose 3*m - m - 6 = 0. Suppose 2*x = -3*a + 5189, 4*x + x = m*a - 5161. Suppose 9263 = 4*c - 5*l, -2903 = -2*c + 4*l + a. Is c a prime number?
False
Suppose 82*d - 5075618 = -6572028 + 37390188. Is d prime?
True
Suppose 0 = 4*m - 716 - 3144. Let x = -523 - -39. Let r = m + x. Is r a prime number?
False
Let y = 20763 + -7135. Suppose 0 = -9*m + 403 + y. Is m composite?
False
Let k(r) = 17*r**3 + 16*r**2 - 4*r - 4. Let g be 21*(-3)/(27/(-6)). Let a be k(g). Suppose 5*u - a - 3221 = 0. Is u prime?
True
Let n = 13610 + -6786. Suppose 6*q = -2*q + n. Is q a composite number?
False
Let m(g) = -g**2 - 1. Let c(k) = 307*k**2 - 11*k - 8. Let y(v) = c(v) + m(v). Is y(-4) prime?
True
Suppose 2939*h = 3*i + 2938*h - 7969474, h + 10625967 = 4*i. Is i a composite number?
True
Let w be (-18)/(-7 - -1) - 7. Is ((-17265)/20)/3*w a composite number?
False
Suppose z = w + 45, 0 = 5*z + 5*w - 2*w - 217. Let j = z - 32. Suppose j*b - 5*b - 6503 = 0. Is b a composite number?
False
Is (((-1433026)/(-4))/7)/(3/6) composite?
False
Let t(o) = -o**3 - 20*o**2 - 23*o + 19. Suppose 0 = 6*m + 4*m + 200. Is t(m) composite?
False
Suppose 0 = 90*n + 67736 - 524126. Is n composite?
True
Suppose 3*r - 3*p = -9, 2*r + 5*p = 9*p - 12. Suppose -4*b + 9*t - 14*t + 600 = r, -t - 286 = -2*b. Is b composite?
True
Suppose -66*i = 245*i - 23194691. Is i a composite number?
True
Suppose 2*q = 965 - 5. Suppose 3*d + q = -483. Let z = 588 + d. Is z a composite number?
True
Let z(c) = 2*c**2 - 75*c - 34. Let v be z(38). Suppose 3351 = o + v*y - 2*y, 0 = -4*o + 2*y + 13444. Is o composite?
False
Let m = -2729 + 3084. Suppose 3*a + 414 = 2*a. Let b = m - a. Is b composite?
False
Let b = -402649 - -970296. Is b a prime number?
False
Suppose -3*p + 27 = 5*f, 4*f + 4*p = -p + 19. Let i(k) = 3*k + f*k + 29*k**2 + 6 - 1 - 4*k. Is i(-3) prime?
True
Suppose 5*r - 3*r = a - 15, -4*r = -a + 17. Suppose -a*v + 8*v + 36595 = 0. Is v composite?
True
Suppose -4*a - a = 3*n + 22, -4 = -4*a + 3*n. Let k(y) = -905*y**3 - 7*y**2 - 10*y + 3. Is k(a) a composite number?
True
Suppose 5*c + 2023 = 2043. Let q(l) = 692*l. Let w be q(1). Suppose a = y - w, -4*a + 6*a = -c*y + 2762. Is y a composite number?
False
Let j(d) = -21*d**2 + 9*d + 2. Let n be j(2). Let c = -44 - n. Is -30*21/(-6) + c/(-10) a composite number?
False
Suppose -v - j + 65445 = 3*v, 4*v - 65442 = 2*j. Is v a prime number?
True
Let o(n) = 211*n**2 + 19 + 5*n + 50*n**2 + 24*n**2. Suppose 5*l + 5 = -10. Is o(l) prime?
False
Suppose 82*k + 98002 + 40848 = 132*k. Is k a prime number?
True
Let v(o) = 98*o - 171. Let h(y) = -194*y + 341. Let a(z) = 4*h(z) + 7*v(z). Is a(-13) composite?
True
Let m be (-6)/(-7) - (11690080/(-70) - 0). Suppose 18*y = -66976 + m. Is y a prime number?
True
Suppose 0 = 153*w - 190*w + 25849347. Is w composite?
True
Suppose 31*c + 56563 = 32*c. Suppose 15*t = c + 8747. Suppose 0 = 3*j - 2723 - t. Is j prime?
False
Let q(r) = 2*r**3 - 4*r**2 - 11*r + 13. Let g = 16 - 3. Let s = g + -7. Is q(s) composite?
True
Suppose 709639 = -22*r + 2097377. Is r a prime number?
True
Let w = 8 + -27. Let f(i) be the third derivative of -31*i**4/6 - 23*i**3/6 + 69*i**2. Is f(w) prime?
True
Let s = 459 + -436. Let g(h) = 280*h + 93. Is g(s) a prime number?
False
Let o = 94421 - -829598. Is o a prime number?
True
Is 272182/14 + (-3)/(-2) + (-3712)/1792 composite?
False
Let z(x) = 17*x**2 + 62*x + 1040. Is z(-51) a prime number?
False
Is (-711830)/(-4) + 0/(-7) - (-33)/22 a composite number?
True
Let b be (182/(-4))/(-2 - 19/(-10)). Let i = -270 + b. Is i a composite number?
True
Suppose 4*l - 376 = -64. Suppose -2*g = l - 2252. Suppose 7*i - g = 6*i. Is i composite?
False
Suppose r + 15778 + 348 = x, 5*r - 15 = 0. Is x a composite number?
True
Let l(v) = 33*v**2 + 5*v + 19. Let m(j) = -28 - 33*j**2 + 11 - 1 - 5*j. Let a(u) = -5*l(u) - 6*m(u). Is a(-4) a prime number?
True
Let u be 17732/(-6) + (-7)/(126/(-6)). Let q = -2057 - u. Is q a prime number?
False
Let x(d) = -12*d - 20. Let y(q) = -2*q - 21. Let o be y(-11). Let n(m) = m - 1. Let c(t) = o*x(t) - n(t). Is c(-6) a prime number?
True
Suppose 3*i - 3*m + 69 = -6*m, -25 = 5*m. Is (-6)/(-2) - i/(-3) - -10316 composite?
False
Let m(l) = 139738*l + 583. Is m(3) a prime number?
False
Let t be 4529 - (7 + -4 + 2). Let u = 9095 - t. Is u prime?
False
Let m = -148 - -148. Suppose -2*z + 2125 + 6745 = m. Is z a composite number?
True
Let d be (5052/(-30))/(-1*2/40). Let t = 5937 + d. Is t composite?
True
Let g(j) = -3*j + 3. Let y be g(-4). Let d = 17 - y. Suppose -5*i = -d*n - 2*n + 12598, 2*n + 5*i = 6284. Is n prime?
False
Suppose 378*b = 375*b + 9. Is ((-45445)/(-10))/(b/12*2) a composite number?
True
Let z(b) = -24 - 31*b + 11 + 29. Is z(-6) a composite number?
True
Suppose -50*i = -3709716 + 1308866. Is i a prime number?
True
Suppose 1126598 = 371*h - 289*h. Is h a prime number?
False
Let c(s) = 48885*s**2 + 14*s + 27. Is c(-2) a composite number?
False
Let x = 37 + -46. Is 9738/(-15)*(90/4)/x prime?
False
Suppose 27*c = 75 + 87. Is (4 - 2)*c/(-4) - -18454 prime?
True
Let q be 14/(-4) + 4/8. Let t(r) = 198*r**2 - 2. Let j be t(-2). Is 7/3 + q - j/(-6) a prime number?
True
Suppose 23*b - 1989576 - 1630325 = 0. Is b prime?
False
Suppose 0 = -h - 4*t, 5*h + t + 11 = 2*h. Is ((h*1)/2)/(48/(-39768)) prime?
True
Let g = 147 + 1980. Suppose 21995 = 2*x + g. Is x prime?
False
Suppose 40*d - 511 - 89 = 0. Suppose 11*s = d*s - 49756. Is s a composite number?
True
Let h(u) = 1785*u + 1364. Is h(6) a composite number?
True
Let w = 21832 - 10220. Let v = -5631 + w. Is v prime?
True
Let p = -38 - -31. Let q(d) = -2*d + 1. Let n be q(p). Suppose -2*s + n = -7. Is s composite?
False
Let j(q) = -14*q - 7 + 4 + 13*q - 9. Let u be j(-15). Suppose 0 = -2*g + 5*t + 10990, -u*g + 15405 = 5*t - 1030. Is g a prime number?
False
Let h be 55/15 + 3/(-9)*2. Suppose n = -n - v + 1342, -h*n + 2*v = -2027. Is n a composite number?
False
Suppose -3*z + 541664 = -5*c, -3*c + 309179 = 3*z - 232525. Is z composite?
False
Let s = 5 - -53. Let b be s/6 + 4/12. Is (-1)/(-5) - (-488)/b composite?
True
Let l(q) be the first derivative of 4*q**3/3 - 25*q**2/2 + 30*q + 374. Let u be 17/2*(-1 + 3). Is l(u) a composite number?
False
Suppose -3*j = -2*w - 80755, -3*j + 26280 = 3*w + 147375. Is (-3 - -2)/(22/w) composite?
True
Suppose 3*w - 2*u - 2139942 = -104201, 3*u - 2035716 = -3*w. Is w a prime number?
True
Let c(t) = -665*t - 43. Let v(o) = 332*o + 21. Let r(u) = 3*c(u) + 7*v(u). Is r(20) composite?
True
Suppose -9 = -4*n + 3*p, 2*n = -p + 7 + 10. Suppose -6415 = n*o - 66637. Is o a composite number?
False
Let f = 33423 + -232. Is f a composite number?
False
Let r = 153 - 749. Let a = -67 - r. Is a composite?
True
Suppose 20*m + 4522 = 3*m. Let d = 393 + m. Is d composite?
False
Is -2 + (-6256303)/(-15) + 24/180 composite?
True
Let b = 285604 + 772951. Is b composite?
True
Suppose -3*v - 25 = -5*c, v = -3*c - 0*c + 15. Suppose 5*i + v*z = -z - 3628, 3*z = -5*i - 3624. Let u = i - -1795. Is u composite?
False
Let j(d) = 86*d**2 - 2*d + 3. Let y be j(1). Let h = y - 52. Suppose -20652 = h*r - 47*r. Is r a prime number?
True
Suppose 2*t + 4 - 7 = -u, -2*t + 16 = 2*u. Let x = -10 + u. Suppose 2*r - 5*i - 3451 = -r, -x*r + 3446 = -4*i. Is r prime?
False
Let o be ((-2)/2)/((-6 - -9)/6594). Let r = o + 4341. Suppose 2*l + r = h - l, 0 = 4*h + l - 8598. Is h a prime number?
False
Suppose -2*k = -104*k + 18875202. Is k a prime number?
True
Let l(g) = -g**3 - 8*g**2 - 16. Let z be l(-8). Let w(n) = -n**3 - 14*n**2 + 11*n + 26. Let x be w(z). Let p = 585 - x. Is p a composite number?
False
Let p = -442905 + 788974. Is p composite?
True
Suppose 303512 + 458515 = -47*y + 68*y. Is y composite?
True
Let t = -359703 + 505456. Is t prime?
True
Suppose 0 